MONTHLY CLIMATOLOGICAL SUMMARY for JUN. 2022

NAME:    CITY:  STATE: 
ELEV:  LAT:  LONG: 

                            TEMPERATURE ( F), RAIN (in.), WIND SPEED (mph)

                                               HEAT     COOL           AVG
      MEAN                                     DEG      DEG            WIND                       DOM
DAY   TEMP    HIGH   TIME     LOW    TIME      DAYS     DAYS    RAIN   SPEED    HIGH    TIME      DIR
--------------------------------------------------------------------------------------------------------
01    58.0   062.1   00:01    53.1   13:41     06.9     00.0   00.08   00.2     11.0    11:10     ESE
02    62.6   074.9   13:39    54.4   07:01     02.3     00.0   00.01   00.3     13.0    18:55     ESE
03    62.1   075.4   13:20    57.0   00:00     02.8     00.0   00.64   00.2     15.0    17:57     ESE
04    63.5   078.5   15:19    55.3   07:52     01.5     00.0   00.00   00.1     11.0    15:23      E 
05    61.2   072.5   15:30    50.1   05:57     03.7     00.0   00.00   00.2     09.0    11:28     NNE
06    63.1   079.0   15:59    45.1   05:40     01.9     00.0   00.00   00.0     06.0    12:45      NE
07    66.7   077.9   13:19    55.1   05:52     00.0     01.7   00.07   00.2     06.0    20:28      S 
08    66.9   075.8   15:07    59.6   00:00     00.0     02.0   00.05   00.2     10.0    13:58     ENE
09    59.6   067.3   16:23    56.0   07:41     05.3     00.0   01.15   00.2     13.0    08:39      E 
10    62.0   071.5   15:23    53.3   05:53     03.0     00.0   00.00   00.1     09.0    18:51     SSE
11    63.0   076.8   14:56    49.4   05:58     02.0     00.0   00.00   00.0     05.0    12:28      SW
12    64.9   078.3   12:32    50.2   06:09     00.0     00.0   00.03   00.1     06.0    13:31      SW
13    70.3   081.1   15:41    61.5   00:00     00.0     05.4   00.13   00.1     10.0    17:16     SSE
14    66.4   078.6   14:48    51.6   06:01     00.0     01.5   00.00   00.2     10.0    13:01     ENE
15    68.2   081.6   14:36    53.5   05:38     00.0     03.2   00.00   00.1     10.0    15:59     ENE
16    67.6   074.4   15:48    62.0   06:10     00.0     02.6   00.00   00.3     12.0    09:07     SSE
17    71.7   082.2   12:34    64.5   05:06     00.0     06.8   00.00   00.3     12.0    14:37     ESE
18    56.5   068.3   00:03    52.2   21:49     08.5     00.0   00.00   00.8     12.0    19:25      E 
19    57.7   065.6   15:57    51.3   06:25     07.3     00.0   00.00   01.4     16.0    11:12      NE
20    62.0   075.4   15:32    44.1   05:48     03.0     00.0   00.00   00.3     13.0    14:19     ENE
21    62.0   073.9   15:31    48.2   05:42     02.9     00.0   00.00   00.0     04.0    13:51      NE
22    59.3   062.6   17:07    56.2   02:28     05.6     00.0   00.09   00.0     03.0    13:48      E 
23    64.9   076.5   16:52    57.5   06:08     00.0     00.0   00.01   00.2     10.0    12:09     SSW
24    69.3   082.0   15:07    60.5   05:35     00.0     04.3   00.00   00.1     07.0    17:07     ENE
25    71.8   088.8   14:15    53.8   05:44     00.0     06.8   00.00   00.0     05.0    18:24      N 
--------------------------------------------------------------------------------------------------------
64.1 (64.7)   88.8  day 25     44.1  day 20   056.6    034.4   02.27   00.2     16.0   day 19      E 
Max >=  86: 1
Min <=  86: 25
Max Rain: 1.15 ON 9-06-22
Days of Rain: 10 (> .008in) 4 (> .08in) 1 (> 0.8in)